ate the greatest common divisor of q and t.
16
Let n be (-7)/((-133)/2774) + (-1 - 1). Calculate the highest common factor of n and 1224.
72
Let a = 452 - 447. What is the greatest common factor of a and 65?
5
Let k(j) = -5*j. Let u be k(-1). Suppose 2*v + 342 - 94 = 5*b, -u*v - 145 = -3*b. Let o = 75 - b. Calculate the highest common divisor of 5 and o.
5
Let t be (0 - 2)/(-11 + 3162/288). Calculate the greatest common divisor of t and 30.
6
Let v(d) = -d**3 + 11*d**2 + d + 11. Let x be v(11). Let m = x + 7. What is the highest common divisor of m and 261?
29
Let d(n) be the third derivative of n**6/120 + 11*n**5/60 + n**4/3 - 4*n**3/3 + 27*n**2. Let a be d(-10). What is the greatest common factor of 4 and a?
4
Let b = 3282 + -2754. Let f be 9/((-35)/(-16) - 2). Calculate the greatest common factor of f and b.
48
Let y be ((-6)/3 + 1)/1 + 593. Calculate the highest common factor of 8 and y.
8
Let n(l) = 4*l**2 - 239*l + 140. Let w be n(60). Calculate the highest common divisor of w and 360.
40
Suppose -10*t + 20 = -8*t. Let c(s) = -s**3 + s**2 + 4. Let g be c(0). Calculate the greatest common divisor of g and t.
2
Let o(n) = -14*n + 376. Let f be o(19). What is the greatest common divisor of 88 and f?
22
Suppose -1170*k + 12 = -1169*k. Suppose -5*p = -4*c - 3*p + 28, 3*c + 5*p - 8 = 0. Calculate the highest common factor of c and k.
6
Let y be 77/4 + (-7)/28. Calculate the greatest common divisor of y and 38.
19
Suppose 38*r - 4854 = -370. What is the highest common factor of r and 2?
2
Suppose 0 = s - 0*s - 3. Suppose -5 - 1 = -s*x. Let m = -7 - -23. Calculate the highest common factor of x and m.
2
Let j = 3160 - 3124. Let q be (-2)/(-5) + 536/10. Calculate the highest common factor of j and q.
18
Let c be 54*(-5)/(-2)*(-5)/(-25). Calculate the highest common factor of c and 9.
9
Suppose -4*x + 11 = -3*t, -5*x + 3*t - 6*t = -34. Let y be ((-60)/(-75))/(1/x). What is the greatest common factor of 44 and y?
4
Let a = 101 - 39. Suppose a = -2*p + 394. Suppose -2*s + p = -32. Calculate the greatest common factor of 9 and s.
9
Let j = 51 - 36. Let s be 123 - (-2)/(8/(-12)). Calculate the greatest common divisor of j and s.
15
Let r be ((-27)/(-81))/(2/108). What is the highest common factor of r and 384?
6
Let p = 562 + -523. What is the greatest common divisor of 624 and p?
39
Suppose 14*s + 4*l + 22 = 15*s, 0 = -3*s - 2*l + 10. Calculate the highest common divisor of 474 and s.
6
Let j(p) = -121*p + 364. Let a be j(-7). Calculate the highest common divisor of 7 and a.
7
Let k(d) = -d**3 - 6*d**2 + 8*d + 9. Let y be k(-7). Let v = -20 - -23. Suppose 0 = v*p - 4 - 2. Calculate the greatest common factor of p and y.
2
Let z be (18/(-8))/(3/(-96)). Let d(c) = -11*c - 2. Let l be d(2). Let u be (-10)/2*l/10. Calculate the greatest common factor of u and z.
12
Let g = -1094 - -1591. Suppose -3*i = -223 - g. Suppose 0*m = -2*m, i = 4*r + 4*m. Calculate the highest common factor of r and 12.
12
Let x be (8/10)/((-230)/50 - -5). Calculate the highest common divisor of 55 and x.
1
Suppose 11*a - 96 = 7*a. Let t = -22 - -8. Let u be 0 + -1 + t/(-2). Calculate the greatest common divisor of u and a.
6
Suppose 24*z - 28*z = -80. Let p be ((-16)/z)/((-2)/35). Suppose -5 = -l, -4*i = i - l - 275. Calculate the greatest common divisor of i and p.
14
Let y = 1370 + -1298. Calculate the greatest common divisor of 8 and y.
8
Suppose -2314 = 26*n - 19344. What is the greatest common divisor of 5 and n?
5
Let i(g) = -3*g - 4. Let r be (6/(-9) + 2)*-3. Let w be i(r). Suppose 5*x = 3*x + w. What is the highest common factor of 16 and x?
4
Let u = -198 - -396. Calculate the highest common divisor of 22 and u.
22
Suppose 50 = 4*b - 150. Suppose 0 = 4*m - 13 - 47. Suppose -m*s + 240 = -135. What is the highest common factor of b and s?
25
Let a(f) = 4*f**3 + 20*f**2 - 2*f + 5. Let l be a(-5). What is the greatest common divisor of 105 and l?
15
Suppose -2*f = n - 18, -3*f - 4 = 2*n - 43. What is the greatest common factor of 256 and n?
8
Let w(a) = -2*a**3 + 40*a**2 + 8*a - 12. Let q be w(20). Calculate the highest common divisor of 37 and q.
37
Let h(y) be the second derivative of 2*y**3/3 + 8*y**2 - 15*y. Let o be h(8). Calculate the highest common factor of 6 and o.
6
Let v = 271 + -246. What is the highest common factor of v and 225?
25
Let m be (1752/(-12) - 4)*3/(-6). Calculate the highest common divisor of 1725 and m.
75
Let u(r) = 4*r**3 + r**2 + r - 2. Let a be u(2). Let o(z) = z**3 - 6*z**2 + z + 6. Let k be o(6). Let b = -8 + k. What is the highest common divisor of b and a?
4
Let j(m) = -20*m - 8. Let d be j(-6). Let w be (15 - 16)/((-2)/110). Let x = w - 27. Calculate the greatest common factor of d and x.
28
Let j = -20 - 17. Let t = 42 + j. Calculate the greatest common factor of 40 and t.
5
Suppose f - 3 = 0, -5*a + 2*a = 5*f - 1215. What is the highest common divisor of a and 50?
50
Let a(v) = 3*v - 1. Let k be a(4). Suppose 4*r + k = -j, -r = 4*r + 3*j + 19. Let x be (-5 + 8)*(1 - r). What is the highest common factor of x and 9?
9
Let w(u) = u**2 + 7*u - 4. Let t be w(-8). Let y be (-40)/(-3)*42/t. Calculate the greatest common divisor of y and 20.
20
Suppose -3*y + 20 = 8*f - 6*f, 2*y - 8 = 0. Let i = -8 - -12. Calculate the greatest common divisor of i and f.
4
Suppose 5*t - 3*t - 3*y = 6, 3*t = 5*y + 9. Let b = 0 + 4. Suppose 2*d = -c + 6 + 25, -c = -b*d - 1. What is the highest common divisor of c and t?
3
Suppose -2*l = 8*l - 40. Suppose -l*v - 96 = -6*v. What is the highest common factor of v and 32?
16
Let q = -1692 + 2693. What is the highest common divisor of q and 26?
13
Let f be 2172316/710 + 6/(-10). Calculate the greatest common divisor of f and 161.
161
Suppose -40*n - 300 = -50*n. What is the greatest common factor of n and 160?
10
Let v(h) = -h**2 - 9*h - 4. Let p be v(-4). Let l = p - 6. Let i = -70 + 75. Calculate the greatest common divisor of i and l.
5
Let f be (-1 - -22)/(27/72). Let t(j) = j**3 + 10*j**2 - 10*j - 4. Let a be t(-8). Let b be a/26 - 2/(-13). Calculate the highest common divisor of f and b.
8
Let s(y) = y**3 + 6*y**2 + y - 1. Let o be (-4)/(-2) + (-10)/(-1). Let l = 8 - o. Let c be s(l). What is the greatest common factor of 3 and c?
3
Let y be ((-6)/(-14) + 22/14)*80. Calculate the highest common factor of y and 60.
20
Let t(q) be the third derivative of q**5/60 + 5*q**4/8 + 29*q**3/3 - 8*q**2. Let k be t(-8). What is the highest common factor of 40 and k?
2
Let s be ((-36)/14)/(53/(-742)). Calculate the greatest common divisor of 44 and s.
4
Let b(s) = 10*s + 6. Let j be b(0). Calculate the highest common divisor of j and 78.
6
Suppose 11*b = -21*b + 4320. Calculate the highest common factor of 90 and b.
45
Let t(r) = 26*r**3 - 6*r + 5. Let f be t(1). Calculate the highest common divisor of 775 and f.
25
Suppose -133 = -5*k + 5*p + 17, -5*k - 4*p + 141 = 0. Let r = k + -23. What is the greatest common divisor of r and 18?
6
Let s = -117 + 197. Let m = 125 + -93. What is the highest common factor of m and s?
16
Suppose 0*r - 4*r = -272. Let x = 68 + -51. Calculate the greatest common factor of r and x.
17
Let w(u) = 3*u**3 + u**2. Let j be w(1). Suppose 24 = b + 4*z, j*b - 20 = -3*z + 24. Suppose -2*r + 2 + 14 = 0. Calculate the highest common divisor of r and b.
8
Let l = -5172 + -3243. Suppose -c = 4, 4*t - 5*c - 44 + 8 = 0. Let w be l/(-36) - (-1)/t. Calculate the greatest common factor of 26 and w.
26
Suppose 10 - 14 = -2*r. Suppose 9 = -r*d + 75. Calculate the greatest common factor of d and 132.
33
Suppose -4*r - 3*w + 961 - 328 = 0, -2*w - 334 = -2*r. Suppose 3*u - 2*z + 14 = 78, 0 = -u + 3*z + 33. What is the greatest common divisor of u and r?
18
Suppose -48 = -6*m + 3*m. Suppose -f + 4*n = 6, -5*f - 2*n = n - m. Let j be -2*(f - 3)*2. What is the greatest common divisor of j and 16?
4
Let o = -270 + -28. Let a be o/(-10) + 4/20. What is the highest common factor of a and 6?
6
Let b(s) = s**3 + 5*s**2 + s + 6. Let o be b(-5). Suppose -4*f + 26 + 38 = 0. Let v = -11 + f. Calculate the highest common divisor of v and o.
1
Let y be -1 + (-5)/(-2) - (-11168)/64. Let o be ((-2)/(-4))/(2/44). Calculate the highest common factor of o and y.
11
Let y = 100 - 0. Suppose -50 = -10*u + y. Calculate the greates